+ -39.
39
Calculate 54 - (8 + -74) - 82.
38
What is the value of -41 + -3 + 19 + -4 + 3?
-26
What is the value of 7 + (0 - 11) + (-110 + 103 - (-38 - -7))?
20
What is 384 + -389 + -4 + -1 + 45 + -1 + -7?
27
Evaluate (-27 - (-2 - 0)) + (15 - -31) + -34.
-13
What is the value of 0 - 28 - (-6959 + 6970)?
-39
What is the value of 1 - -10 - (28 - -49 - 48) - -8?
-10
Calculate 55 + 1 + (-25 - 3) + 40 + -24.
44
-39 + (2 + -12 - (-135 + 130))
-44
213 - 274 - (-6 - 131)
76
Evaluate (-11 + (39 - 22) - -9) + 15.
30
What is 77 + -66 - (-29 + 6)?
34
Evaluate 11 - (-25 + (24 - -31)).
-19
(13 + -14 - (-3 + -2)) + 3 + (3 - 6)
4
Calculate -24 + 0 + (-26 - -20) + 22 + 13.
5
Calculate 23 + (-49 - -103) + -54.
23
What is (8 - -1) + 62 + (-452 - -437)?
56
75 - (26 + (2 - 13 - -7))
53
0 + 4 + 55 + (181 - 186)
54
Evaluate (-4 - (13 - (-4 - 12))) + -7.
-40
What is 150 - (-137 + 74 + 100)?
113
What is the value of -2 + 1 - (-17 - -7) - (19 - 8)?
-2
What is the value of 109 - (142 + -91 + 25)?
33
What is 16 - (114 + -224) - 162?
-36
What is -15 - -75 - (100 + -8)?
-32
-11 - 15 - (-20 - 5 - -12) - (9 + -1)
-21
Calculate (15 - (80 + -17)) + 46.
-2
What is the value of (-8 - 44) + (-452 - -502)?
-2
(-12 - -29) + -14 + (56 - (7 - 0) - 1)
51
Calculate -43 - (-10 + 26 - 43 - 0).
-16
314 + -321 - (-1 + 1 - -8)
-15
What is the value of 2 + (-4 - (2 - 1)) + 113 + -34 + -65?
11
What is the value of 0 + 11 + -2 + -12 + -7 + (-3 - 31)?
-44
82 + -75 - (-29 + 0)
36
What is the value of 75 - ((-6 - -34) + -6 + 0)?
53
Evaluate (38 - (-2 + 0)) + (26 - 6).
60
What is (-1812 - -1815) + (-3 + 2 - -126)?
128
Evaluate -8 + 50 + -365 + 277.
-46
-20 + (-4 - (93 - (28 + (-19 - -7))))
-101
What is 3 + -28 - -11 - (-7 + (35 - 0) - 1)?
-41
What is the value of 78 - (29 - (-52 - -37))?
34
What is 317 + -235 + -115 - (-1 + -130)?
98
What is 38 + 7 + -127 + 156?
74
Calculate 44 - ((8 - (44 - 36)) + 138).
-94
Evaluate (31 - (36 - -1)) + (3 + -33 - (11 + -7)).
-40
Evaluate 1 + 18 - (-8231 + 8313).
-63
What is the value of (-162 - -170) + (1 - 7 - 1 - (34 - 30))?
-3
What is the value of -13 - -10 - (1 + (0 - -1) + (-165 - -225))?
-65
Evaluate -4 - (137 + (30 - 98)).
-73
-57 - 11 - -24 - (-2 - 2)
-40
Calculate 1 + 7 - (-28 - (35 - 9 - 13)).
49
What is 763 + -778 + 2 + 1 + -30?
-42
Calculate 0 - 2 - (-18 - (-45 - -5) - 61) - 13.
24
What is -3918 - -3946 - (-30 + 0)?
58
29 + (1 + 11 - (-7 + 34 + -28))
42
Calculate 3 + -11 + 5 - ((-2 - 152) + 3 + -1).
149
Calculate 89 + (-35 - -8) - 55.
7
What is (-1236 - -1266) + -11 + 1 - (-6 + -12)?
38
Calculate 440 + -402 - (26 - -138).
-126
What is the value of -3 - (-29 + 28 - (8 + 0 + 13))?
19
What is (22 - (1 - -6)) + -13 + -5 + 22?
19
Evaluate (48 + -44 - -15) + -94.
-75
Evaluate 109 + -23 + 22 + (-8 + 8 - 0).
108
Evaluate (6 - -34 - 8) + -73.
-41
Evaluate 1491 + -1505 + (73 - (0 - 0)) - -16.
75
Evaluate (-55 - (-65 - 49)) + -32.
27
Evaluate 26 + ((-7 - 15) + -5 - -14).
13
(-14 - -4) + -6 + -1 + 10 - -12
5
Calculate 52 - (5 - 8) - (2 + -13 + (8 - -12)).
46
Calculate (4 - ((-17 - -8) + 18 - -8)) + 6 - 23.
-30
535 + -504 - (-3 - -72)
-38
(-292 - -273) + (-4 + 8 - (-5 - -62))
-72
Calculate -8 + 13 + 5 - (55 - (-12 + -1 + 7)).
-51
32 - 20 - 29 - (-24 - -5) - (-2 + -118)
122
Calculate 36 + 5 + 4 + -25 + 0 + (-270 - -284).
34
Calculate 56 + 58 + -113 - (-1 + 8 + -2).
-4
Calculate -26 - ((11 - -32) + -72).
3
Evaluate -15 - -4 - (31 + 15 + -35).
-22
Calculate (50 - -1) + 31 + (-12 - -17 - 25).
62
What is the value of (0 - (1 - 10)) + (-31 - -73) + -34?
17
What is the value of 51 + (-105 - (-50 + 46))?
-50
Calculate 81 + (4 - (-5 - (5 - 8))) - (-8 + 5).
90
What is -16 + -9 - (-11 + 1 - (6 + 27 + -34))?
-16
Calculate -30 + (-7 - -34) - 25.
-28
What is the value of (296 - (54 - -230)) + (15 - 1) + 0?
26
What is the value of 23 - (1 - (-24 + 5)) - -73?
76
What is the value of 59 + (27 + 8 + -24 - 23)?
47
Calculate -10 - (3 + 8 + -4 + 1 - 21).
3
Evaluate (21 - 9 - 0 - 24 - -1) + -10.
-21
Calculate (-88 - -6) + 196 - 107.
7
Evaluate 50 - (-2 + -2 + (3 - -7 - 5) + 7).
42
-219 + -8 - -246 - (-82 + 1)
100
Evaluate 71 - (-7 - -4) - (-3 - 11) - (7 + -10).
91
What is the value of 3 - -4 - -5 - (-55 + 2 - (-184 + 164))?
45
Evaluate 11 + 12 + 15 + -26 - -2.
14
What is -14 - (10 + -20) - 38?
-42
(-4 + 3 + (27 - 8) - 66) + (0 - 2)
-50
-106 - ((22 - 33) + 14 - -11)
-120
What is -3 - 104 - (-2051 + 2013)?
-69
Calculate 0 - ((-1 + -2 - -1) + -92 + (37 - 2)).
59
What is the value of -638 + 664 - (15 - -1)?
10
-61 + (98 - 44) - 25
-32
Calculate 66 - (3 - 2) - ((-46 - -47 - -4) + 5).
55
What is the value of 115 - 33 - -52 - 189?
-55
Evaluate 1 + -12 + (-1 + 6 - -52 - 10).
36
What is 7 + (68 - 0 - 132)?
-57
Calculate -16740 + 16885 - (0 - (1 + -40)).
106
What is the value of 2 + 6 + (72 - -28 - 91)?
17
What is (20 - -18) + -17 + 13 + -7 + 11?
38
What is 6 + -98 - (-7 + 4 + -11 + 1 + 2)?
-81
What is the value of (7 - 21) + -1 + (13 - 1)?
-3
Evaluate -5 - (-4 + 10) - (-8 - 11).
8
(0 - -48) + 1222 + -1224
46
What is -7 - -55 - (-7 + 23 + -29) - -13?
74
-32 + (3 - 0) - (-383 + 392)
-38
Calculate 116 - (79 + (128 - 76)).
-15
What is the value of 2 + 38 - (128 - -8) - (-14 + 1)?
-83
What is the value of 10 - (82 - ((-5 - -10) + -6 - (-15 + 1)))?
-59
What is -12 + -18 + -13 + 38 - (-11 - (-1 - -2))?
7
-41 + 1 + 9 + (-142 - -119 - (-7 + -1))
-46
What is -1 + -8 + -4 + (-1 - -103 - -2) + -10?
81
7 + (37 + -7 - (7 + 2 + -28))
56
What is (15 + -1 + (-25 - -8) + 4 - -10) + 73?
84
Calculate 1 - 8 - (-254 - -240) - (54 - -1) - 11.
-59
What is (-17 - -5 - -6) + (6 - 1) - (-9 - -2)?
6
What is the value of -18 - -5 - (-16 + 16 + -5 + -57)?
49
What is 182 - 242 - (15 + 1) - -24?
-52
What is (12 + -2 - 14) + (83 - (23 + -5)) + -4?
57
Calculate 11 + -16 + (6 - (-3 + -9 + 4)).
9
Calculate -7 + 2 + (0 - 7) + -5 + -8.
-25
What is the value of 3 + -1 + 80 + -35 + -164 + (1 - -15)?
-101
-93 + (164 - -8) - 217
-138
What is -7 + 25 + -28 + 14 - (-7 - 1 - 6)?
18
Evaluate 12 + 30 + -17 - 30.
-5
Evaluate -5 + (-71 - -54) + 35.
13
Evaluate (66 - -7) + -3 + -13 + 0 + -1.
56
Evaluate 47 - 169 - (-82 - -26).
-66
8 + (26 - 57) + -83
-106
What is -89 + 159 - 135 - -138?
73
What is 39 + (-31 - -36 - 27) + 37?
54
Evaluate 174 + -155 + (-134 - 5 - -6) - (-10 + -4).
-100
Evaluate (4 - (-6 - -17)) + (4 - 14) + -23.
-40
2 + 7 + (5 + -1 - (4 + -18 + 16))
11
Calculate (36 - (7 + -5)) + -25 + -7.
2
Evaluate (-12 - (-68 - -32 - -12)) + 77.
89
What is -3 + -19 + (17 + -5 - -2)?
-8
12 + 25 - (2 + 0 - (-13 + -7 + 13))
28
What is the value of 22 + 4 + -11 - (-1 - 40)?
56
What is the value of -6 + 89 + -13 + -63?
7
What is the value of -172 + 171 + 11 + -4 + -19?
-13
Evaluate 1 - 1 - (-41 + 20 + 44 - 22) - -29.
28
Calculate 145 + (47 - (26 + 55)).
111
-8 + 5 + -16 - (-3 - (2 - 9) - -2)
-25
What is the value of (3 - 13) + (-71 - -104)?
23
Calculate -5354 - -5401 - (0 - 31 - -2).
76
-2 + (102 - 138 - (-16 + -2)) + 122
102
9 - -18 - 6 - (-100 + 115)
6
What is -1 + -10 + (7 + (4 - 27) - (4 - 9))?
-22
Evaluate (-8 - ((-5 - -7) + -4) - 6) + (-203 - -126).
-89
Calculate (6 - 1) + -2 - (7 - 5) - (1439 + -1404).
-34
What is the value of -1 + 123 + (-2 - (-18 - 16) - 19)?
135
What is the value of (4 + 16 - 18) + (-9 - -9 - 14)?
-12
Calculate -1 + 11 + -67 + -32 + 49 + 8.
-32
Calculate (-6 - -10 - 14) + 15 + 32 - -4.
41
Evaluate -101 + 213 + -109 + (-139 - -1).
-135
2 - ((4 - 3) + 5 - (45 + -27))
14
Evaluate (28 - ((10 - 9) + -2)) + 1 + 1 + -10.
21
(-10 - -2) + 17 + (2 - -5) + (75 - 14)
77
Calculate 2 + 17 + (-3 - (0 - 14) - 4).
26
Calculate -7 - ((-2 - -1) + -8) - (15 - 18).
5
What is -22 + 1 + (-17 - ((64 - -43) + -66))?
-79
Evaluate 15 + -18 + 3 + -2 - (24 + -46 + 8).
12
Calculate -1 + 2 + 4 + (-821 - -829) - 94.
-81
(69 - (20 - -18)) + (-6 - -34)
59
What is 25 - (30 - 72 - -60) - (-13 + 0)?
20
Calculate 36463 - 36495 - (4 + -2 - -118).
-152
Calculate -37 + (-10 - (-46 + 12 + 16)).
-29
Calculate -39 - -3 - ((-38 - -52) + -7).
-43
Calculate (-5 - (-10 + 2)) + -19 + 12 + 0 + -11.
-15
What is the value of 0 + -4 + 4 + -59 + (-2 + 20 - 8)?
-49
138 + 228 + -343 - (2 + 29 + -1)
-7
Evaluate 44 - 0 - (-12 + (3 - 8) + -1 + 8).
54
What is the value of 228 - 70 - (0 + 154)?
4
What is the value of (20 - (-16 + 27 + -3)) + 1?
13
What is 24 + 8 + -3 - (-50 + 34